
List the prime factors of (-39)/2*188032/(-339).
2, 13
Let d(j) = -7*j + 96. Let n be d(13). Suppose -n*f + 4*v = -443 - 409, f - 4*v - 164 = 0. What are the prime factors of f?
2, 43
Suppose 5*z - 3*g = 44, z + 3*z = 2*g + 36. What are the prime factors of 9935/z - 4/24*-3?
2, 7, 71
Let x(q) = -2*q - 16. Let s be x(-10). Suppose -2*d - 3*d - 14 = 3*r, -2*d = s*r. Suppose p - r*g = 11 + 6, -5*p - g = -41. What are the prime factors of p?
3
Let x = 22 - 31. Let z(v) = -v**3 - v + 3. List the prime factors of z(x).
3, 13, 19
Suppose -1132 = 22*y - 142. Let q = 414 + y. List the prime factors of q.
3, 41
Let s(g) = -76*g**2 - 7*g + 12. Let k(j) = 75*j**2 + 6*j - 11. Let u(c) = 7*k(c) + 6*s(c). What are the prime factors of u(-1)?
2
Suppose 0 = -4*a + 4*b + 35540, -76*b = 3*a - 78*b - 26657. What are the prime factors of a?
8887
Suppose 3*n - 935 = 5*y + 5*n, 0 = 3*y + 3*n + 561. Let i = y - -439. List the prime factors of i.
2, 3, 7
What are the prime factors of 131/((-29475)/(-7290))*5*191?
2, 3, 191
Let w = -550 + 560. Suppose -w*y + 1486 = -9*y + 2*t, -2*y + 2981 = t. List the prime factors of y.
2, 373
Suppose 2*z + 0 = -3*o - 9, -4*o - 20 = 4*z. Let x(g) = 7*g + 18. Let d be x(z). List the prime factors of (-683)/(-6) - (-6 + (-140)/d).
2, 3, 19
Suppose -3*l + 106 = -2*h, 0 = -7*l + 2*l + 5*h + 175. Suppose -l = -8*d - 4*d. Suppose 0*o = 3*z - o - 483, 5*o = -d*z + 465. List the prime factors of z.
2, 5
Suppose -36*t - 32*t + 88*t = 788020. What are the prime factors of t?
31, 41
Let g = 160 + -157. Suppose g*m - 106 = 50. What are the prime factors of m?
2, 13
Suppose -2*g + 1310 = -7*g. Let y = g + 170. Let f = 241 + y. List the prime factors of f.
149
Let i(n) = 114*n**3 - n**2 - 3*n**2 - n - 87*n**3 + 6. Let t be i(2). Suppose 0 = -3*w + 4*f + 582, -w + 2*f + t = 4*f. What are the prime factors of w?
2, 3, 11
Let o(y) = y**2 + 3*y - 8. Let z(h) = -h**3 - 8*h**2 - 18*h - 6. Let r be z(-5). Suppose -10*d = -r*d + 8. What are the prime factors of o(d)?
2
Let l(h) be the third derivative of h**4/6 - h**3/6 + 7*h**2. Let t be l(0). What are the prime factors of (81 - t)/((-1)/(-2))?
2, 41
Suppose 11*v - 4 = 7*v. Suppose v = 3*k - 2. Let l(m) = 56*m - 1. What are the prime factors of l(k)?
5, 11
Let c(f) = 9*f + 3. Let l be c(0). Suppose 34*j - 35*j = l*v - 6097, 20 = -4*j. List the prime factors of v.
2, 3, 113
Let p(i) = -57*i + 40*i - 17*i**2 - 2*i**3 + 2*i**3 - 11 - i**3. Let j = -61 - -45. List the prime factors of p(j).
5
Suppose -1211 = -9*c + 3418 + 22938. What are the prime factors of c?
3, 1021
Suppose 18351 = 4*y - 3*r, 4*y + 3*r - 24 - 18297 = 0. What are the prime factors of y?
2, 3, 191
Let y(s) be the first derivative of 2*s**2 - 8*s + 36. Let c be y(2). Suppose c = a + 97 - 379. List the prime factors of a.
2, 3, 47
Suppose -16*p + 11759 = -1473. Let o = p + -494. What are the prime factors of o?
3, 37
Suppose 72*l + 3 = 73*l. Suppose 75 = -l*c - 2*c. Let j(t) = -t**3 - 14*t**2 + 12*t + 18. List the prime factors of j(c).
3, 7
Suppose 0 = 39*t + 8*t - 793782 + 175450. List the prime factors of t.
2, 11, 13, 23
Suppose 46*r = 116*r - 707700. What are the prime factors of r?
2, 3, 5, 337
What are the prime factors of (-27714)/(-15) + 45/(-75)?
1847
Suppose 12*w = 5*w + 462. Let y = -60 + w. Suppose -5*m + y = -m - 3*g, -11 = -5*m + 2*g. List the prime factors of m.
3
Let w(t) = -74*t**3 + 5*t**2 - t - 2. What are the prime factors of w(-6)?
2, 43, 47
Let f(q) = 17 - q + 315*q**2 - 5 - q**3 - 305*q**2. Let v be f(9). Suppose -5*c - 5*d + 225 = 0, -3*c + 59 = -d - v. What are the prime factors of c?
47
Let t(o) = -o**3 - 10*o**2 - 14*o. Let z be t(-6). List the prime factors of (-1 - -4)*20*(-500)/z.
2, 5
Let s = 372 + -701. Let i = 706 + s. List the prime factors of i.
13, 29
Let t = -1161 + 1791. List the prime factors of t.
2, 3, 5, 7
Let r(p) = -p**3 - 4*p**2 + 14*p + 12. Let m be (-328)/(-5) + 2/5. Let y = m - 74. What are the prime factors of r(y)?
2, 3, 13
What are the prime factors of (121073/123 + 7)/((-2)/(-105))?
5, 7, 1487
Suppose t + 11 = -2*i + 3*i, 0 = -5*i - 3*t + 31. Suppose 4*h + i = 3*h. Let z(f) = f**3 + 8*f**2 - f + 3. List the prime factors of z(h).
11
Suppose 101*y = -72*y - 79216 + 460162. List the prime factors of y.
2, 3, 367
What are the prime factors of ((-864)/(-216))/(0 + 3/17196)?
2, 1433
Let y(z) be the third derivative of -z**6/40 + 5*z**4/24 + 5*z**3/3 + 11*z**2. Suppose 0 = -2*m + 2 - 8. List the prime factors of y(m).
2, 19
Let m(n) = 685*n + 3151. What are the prime factors of m(36)?
7, 29, 137
Let q(r) = r**3 + 6*r**2 - 9. Let h be q(-6). Let w(d) = -2*d**3 - 12*d**2 + 53. List the prime factors of w(h).
7, 11
Let m = 499 - 15. Suppose m = -3*v + 1330. What are the prime factors of v?
2, 3, 47
Let f(l) = 148*l**2 + 50*l - 356. List the prime factors of f(8).
2, 3, 13, 61
Suppose g + 0*g + i = -5, -2*g = 3*i + 15. Suppose -2 = s + n, -4*s = 2*n - g*n + 2. What are the prime factors of 0 + s + 84 - (0 - -2)?
83
Let a be (-189)/3 + 0 + 1. Suppose 6*z = 4*z - 72. Let u = z - a. List the prime factors of u.
2, 13
Suppose -4*f - f - 415 = w, -5*w = 5*f + 395. List the prime factors of (-3)/(f/(-496))*-7.
2, 31
Suppose o + 5 = 0, -19 = 2*x + 2*o - 165. Suppose 0 = -2*u + x - 58. Suppose u = -r + 113. List the prime factors of r.
103
Let o(z) = z**3 - 11*z**2 - 3*z + 15. Let p(s) = -s**2 + s + 1. Let a(k) = o(k) - 5*p(k). Let c be a(7). What are the prime factors of 63 + c + -6 + -1*3?
3, 19
Suppose -3*p + 255941 = t, 24*p = 25*p - t - 85307. List the prime factors of p.
2, 31, 43
Suppose -2*a = -192 + 22. Let b = a + -67. List the prime factors of b.
2, 3
Let l = -2351 + 7474. What are the prime factors of l?
47, 109
Let t = -131 - -132. What are the prime factors of 760/4 + -7 - (-3)/t?
2, 3, 31
Suppose 6*n = o + 3*n - 6, -40 = -5*o + 5*n. Let g(f) = 2*f**2 + 3*f - 36. List the prime factors of g(o).
3, 17
Suppose -18*u + 49389 = -23583. What are the prime factors of u?
2, 2027
Let p(m) = -m**2 + 107*m + 297. List the prime factors of p(44).
3, 11, 31
Let a(r) = 1716*r + 462. List the prime factors of a(12).
2, 3, 11, 29
Let z(q) = -3*q**2 - 13*q + 6. Let g(w) = -w**2 + 3*w + 24. Let k be g(7). Let m be z(k). What are the prime factors of 18/(-15)*-5*(0 + m)?
2, 3, 5
Let h(t) = -2*t**2 - 24*t - 64. Let g be h(-7). List the prime factors of ((-2499)/68)/(g/(-160)).
2, 5, 7
Let t be 5655/26*1*2 - -3. Let d = t + 574. What are the prime factors of d?
2, 11, 23
Let n(o) = -197*o + 11. Let p be n(-18). Suppose 4*w = -5*s + 3573, 4*s + s - 4*w - p = 0. List the prime factors of s.
23, 31
Let j(l) = -l + 20. Let s = -6 + 21. Let o be j(s). Suppose -o = 4*q - d - 68, -2*d - 7 = -q. List the prime factors of q.
17
Suppose -2*p - 3*p = -5. Suppose 3*z + 5*k = 1, -2*z + 4*z - 5 = k. Suppose z*q = -5*d + 11, -5*d - 2 = -2*q - p. What are the prime factors of q?
3
Suppose -5*g + 2*z + 461 = 0, 0 = 3*z + 7 + 2. Suppose g - 1339 = -6*l. What are the prime factors of l?
2, 13
Let w(t) be the first derivative of t**2/2 + 39*t + 27. Let q be w(-14). Let m(h) = h**3 - 26*h**2 + 28*h + 28. List the prime factors of m(q).
103
Let s(u) = -4*u**2 + 26*u + 8. Let a(c) = 35*c + 89. Let f(i) = -17*i - 44. Let x(o) = 6*a(o) + 13*f(o). Let l be x(-4). What are the prime factors of s(l)?
2, 5
Let g(x) = -1. Let z(h) = -2*h - 6. Let d(a) = -10*g(a) + 2*z(a). Let s be d(-1). Suppose 3*p - 37 = s*p. What are the prime factors of p?
37
Suppose 81*m + 9*u = 85*m - 110466, 3*m = 3*u + 82842. What are the prime factors of m?
2, 3, 13, 59
Let r be 1328/(-32)*-3*2/1. Let j = r - 173. Suppose j*l + 426 = 78*l. What are the prime factors of l?
3, 71
Let s(p) = -p**3 + 6*p**2 - p - 5. Let m be s(5). Let t be (20/m)/(2/(-273)). List the prime factors of (t/(-39))/(2/12).
2, 7
What are the prime factors of (4 + 0 + -3)/((-30)/(-233250))?
5, 311
Let h(m) = 5*m**2 + 14*m + 4. Let v be h(13). Suppose -5*a + 11 + 14 = 0, v = 3*b + 4*a. List the prime factors of b.
337
Suppose 0 = d + 38 - 71. Let b be (10/(-6))/((-11)/d). What are the prime factors of 931/b - 52/(-65)?
11, 17
Suppose -7*f = -39*f + 224. Let u(v) = 150*v - 32. List the prime factors of u(f).
2, 509
Suppose 70 = 2*o + 18. Suppose -4*m + 7 = 3*h - 10, o = 4*h + 2*m. Let v(y) =